
Convert 3b485a (base 13) to base 5.
332011030
What is 22150210 (base 6) in base 7?
5450055
Convert -c77c31 (base 13) to base 12.
-1694276
Convert -11110020212 (base 3) to base 8.
-253161
1200117 (base 8) to base 10
327759
What is -1304136 (base 7) in base 2?
-101001011000101110
Convert 762824 (base 10) to base 2.
10111010001111001000
What is 110100110111001110 (base 2) in base 4?
310313032
What is 3a8586 (base 12) in base 4?
3230130312
Convert -112211102011 (base 3) to base 16.
-4743d
Convert 3413424220 (base 5) to base 14.
100b769
Convert -101110010110000 (base 2) to base 5.
-1224403
101111011110001000010 (base 2) to base 9
2830687
What is 141143031 (base 5) in base 11?
455589
524512 (base 6) to base 16
a61c
1011000011010100 (base 2) to base 12
22244
-140a287 (base 11) to base 2
-1001010001000111100100
1000111101000 (base 2) to base 7
16236
100101010011010000110 (base 2) to base 10
1222278
What is 54abb (base 13) in base 6?
3142205
Convert 10001000100010001101110 (base 2) to base 15.
5d5946
Convert 3522440 (base 6) to base 16.
2c718
What is -4ceb07 (base 16) in base 11?
-293333a
What is -32100112 (base 5) in base 6?
-5432210
113021120 (base 6) to base 2
1000000001010001101000
-165346 (base 8) to base 15
-12c3e
89a801 (base 12) to base 10
2195713
Convert a294443 (base 11) to base 13.
39c4a4a
What is 310411 (base 8) in base 11?
70152
What is -30245435 (base 6) in base 7?
-10216340
What is -11724 (base 9) in base 14?
-2c2b
-4905b6 (base 13) to base 12
-70097b
What is -2001101122111 (base 3) in base 13?
-2c2384
1466015 (base 8) to base 5
101432002
Convert 2005330 (base 8) to base 5.
113331224
Convert c48c6 (base 13) to base 11.
221270
-20a116 (base 13) to base 6
-24220252
Convert 1011011110002111 (base 3) to base 6.
1350552534
Convert -12011203010 (base 4) to base 5.
-402024323
What is 130431134 (base 5) in base 9?
1174254
Convert a9d9a (base 15) to base 3.
1000102022201
168979 (base 10) to base 12
81957
What is 21aa8 (base 16) in base 14?
3837a
-3916804 (base 10) to base 12
-138a804
1022321122 (base 4) to base 3
120120211011
-2023030 (base 5) to base 8
-100172
-660683a (base 11) to base 16
-b112bd
-3267171 (base 9) to base 10
-1757035
What is 19a32 (base 13) in base 12?
24b81
What is -14c773 (base 15) in base 14?
-1c1ca6
-1a36d (base 15) to base 9
-138724
1000100111011111011 (base 2) to base 4
1010323323
Convert 279b99 (base 12) to base 2.
10100001001001100101
-2010103242 (base 5) to base 3
-21111121102202
What is 3ec6f (base 16) in base 13?
90068
Convert 90c409 (base 15) to base 11.
3976973
Convert -1110100111222 (base 3) to base 5.
-144241300
-1614107 (base 9) to base 14
-1943c0
What is -d4f8c0 (base 16) in base 15?
-135a777
Convert -199706 (base 11) to base 6.
-10315020
What is -829b85 (base 13) in base 10?
-3049207
What is -2113014 (base 8) in base 15?
-b1ad5
What is 3022414123 (base 5) in base 2?
10111000111100111111010
Convert -5344210 (base 8) to base 10.
-1427592
535284 (base 12) to base 8
5011104
What is 537543 (base 10) in base 6?
15304343
-204434 (base 6) to base 10
-16582
What is -376300 (base 9) in base 3?
-102120100000
31424302 (base 5) to base 11
170658
Convert -12413411310 (base 5) to base 15.
-1539d20
Convert -1c087 (base 16) to base 4.
-130002013
3604847 (base 9) to base 5
444432344
What is -614672 (base 11) in base 13?
-28738c
What is -10200210201 (base 3) in base 14?
-1c72d
Convert 79996 (base 11) to base 5.
12200120
Convert -10000101011000101011 (base 2) to base 10.
-546347
1010221 (base 3) to base 15
3aa
100220002 (base 6) to base 3
10012020220002
What is -301222200231 (base 4) in base 13?
-290ab76
What is 130522 (base 7) in base 15?
72d1
-10112201111211 (base 3) to base 11
-1077617
-210220112012001 (base 3) to base 4
-230122201303
Convert 2453450 (base 6) to base 15.
29063
What is 162244 (base 11) in base 2?
111101011111001001
502312 (base 10) to base 15
9dc77
What is -10010100111100110 (base 2) in base 4?
-102213212
-761642 (base 14) to base 6
-221415002
Convert 10101100100101110 (base 2) to base 5.
10311431
What is -100010010010110010 (base 2) in base 11?
-96597
What is -1457400 (base 9) in base 13?
-222a5c
What is 108a552 (base 11) in base 4?
13100201011
Convert -12101313203 (base 4) to base 14.
-30bc31
What is 1010036 (base 10) in base 2?
11110110100101110100
Convert 27883 (base 10) to base 13.
c8cb
What is -468756 (base 11) in base 15?
-ea4db
202101111120 (base 3) to base 7
3261006
12243531 (base 6) to base 16
6064f
What is 50424041 (base 7) in base 9?
7787148
What is 609c10 (base 13) in base 11?
12a7156
1102320110 (base 4) to base 11
212065
What is -10011111000000000000 (base 2) in base 7?
-5351505
11110010010001011111110 (base 2) to base 5
4013020224
141b679 (base 13) to base 14
bb9c99
Convert -146221215 (base 7) to base 13.
-2053437
-1100022101222220 (base 3) to base 15
-1a62b06
What is 10534521 (base 7) in base 6?
31350353
Convert -93bb16 (base 12) to base 14.
-446470
Convert -896143 (base 10) to base 13.
-254b81
Convert -110120203 (base 5) to base 10.
-473178
Convert -101101211120110 (base 3) to base 4.
-111011202033
Convert 11000000010101110 (base 2) to base 3.
12000002100
What is 1243320 (base 7) in base 9?
266263
What is 403121 (base 7) in base 12?
33655
What is -6533474 (base 9) in base 12?
-1211034
Convert 354300 (base 8) to base 6.
2332144
What is 432012 (base 7) in base 10?
75126
What is 4c0240 (base 16) in base 8?
23001100
What is -4b13046 (base 12) in base 13?
-307c206
What is -21011021113 (base 4) in base 15?
-32046a
Convert -4312004 (base 7) to base 11.
-328852
What is 22799 (base 13) in base 14?
18c77
What is 11101110111111010 (base 2) in base 4?
131313322
What is -13021432 (base 5) in base 9?
-212456
43dc0a (base 15) to base 14
603400
Convert 49b (base 13) to base 2.
1100100100
1a4cf (base 16) to base 6
2150423
Convert 12483 (base 10) to base 12.
7283
-12023013 (base 5) to base 11
-76447
What is -317206 (base 9) in base 3?
-100121020020
What is 44360356 (base 8) in base 14?
13ac10a
-43334 (base 9) to base 8
-70041
What is 12cba2 (base 13) in base 10?
456770
11222a (base 14) to base 2
10001110001000001110
Convert 10000110110011110 (base 2) to base 11.
47948
What is 7137432 (base 8) in base 14?
3707c6
Convert -2220002211011 (base 3) to base 12.
-6217aa
501577 (base 8) to base 15
33c25
3cd5a (base 14) to base 7
1165443
What is -29486 (base 12) in base 9?
-87133
-176bba (base 13) to base 15
-b8b44
What is ac02b (base 15) in base 11?
3438a3
Convert 8939882 (base 11) to base 5.
13003211112
Convert 229015 (base 11) to base 4.
1120231303
Convert 430bb (base 13) to base 5.
12332424
Convert 1a0647 (base 16) to base 6.
100320011
What is -1314142132 (base 5) in base 11?
-1934a5a
33321671 (base 8) to base 5
3314412322
What is 181637 (base 10) in base 3?
100020011022
-10825383 (base 9) to base 5
-2322204241
13431115 (base 7) to base 8
4613775
Convert 220121203 (base 4) to base 13.
5a41b
What is 1110010100100101010 (base 2) in base 3?
212211202010
450584 (base 11) to base 15
e2b8b
Convert 740495 (base 11) to base 16.
121acd
Convert 31734431 (base 8) to base 6.
401410201
Convert -1433350 (base 7) to base 16.
-2f30b
Convert 1306058 (base 9) to base 15.
e13e5
1100101011101100100 (base 2) to base 15
8320d
-21713 (base 15) to base 14
-2a9d0
Convert -111313 (base 12) to base 14.
-71063
Convert -8301630 (base 9) to base 12.
-1597739
What is -1000020102102 (base 3) in base 13?
-15a043
Convert 11112100112 (base 3) to base 16.
15c6b
Convert 1343101 (base 7) to base 5.
21210003
Convert 8566a (base 15) to base 6.
13023501
What is -502665 (base 7) in base 5?
-10210222
What is 23130202 (base 4) in base 11?
32250
What is 1011220100121 (base 3) in base 16?
994d8
Convert 172176 (base 9) to base 5.
11402314
-a0c9ec (base 15) to base 5
-3423331442
16a164 (base 11) to base 3
111022221110
What is -4535760 (base 9) in base 13?
-677b29
What is -ab3506 (base 13) in base 6?
-222250235
What is -110100100000101100 (base 2) in base 14?
-58552
-13214320 (base 5) to base 9
-221627
Convert 534035 (base 7) to base 3.
11201001222
-126031 (base 9) to base 12
-38391
Convert a592 (base 16) to base 9.
64125
2994892 (base 11) to base 14
977b39
Convert 343023 (base 7) to base 10.
61071
What is 38652 (base 13) in base 14?
2a04c
10000101011000100111